{"id":30,"date":"2019-03-25T10:54:33","date_gmt":"2019-03-25T10:54:33","guid":{"rendered":"https:\/\/doser-it.de\/?page_id=30"},"modified":"2019-03-25T10:54:34","modified_gmt":"2019-03-25T10:54:34","slug":"agb","status":"publish","type":"page","link":"https:\/\/doser-it.de\/index.php\/agb\/","title":{"rendered":"AGB"},"content":{"rendered":"\n<h2>Allgemeine Gesch\u00e4ftsbedingungen<\/h2>\n<h2>Vertragspartner<\/h2>\n<p>Doser IT<br \/>Vertreten durch Eric Doser<br \/>Adresse: Heidelberger Str. 43 68766 Hockenheim<br \/>Tel: 06205 2590810<br \/>Tel: 06205 280896<br \/>Fax: 06205 2890429<br \/>E-Mail-Adresse: hilfe@doser-it.de<\/p>\n<p>Umsatzsteuer-Identifikationsnummer: 43314\/10850<\/p>\n<h2>Preise<\/h2>\n<p>Alle Preise sind Endpreise und enthalten gem. \u00a7 19 Abs. 1 UStG keine Umsatzsteuer (Mehrwertsteuer). <\/p>\n<h2>Gew\u00e4hrleistung<\/h2>\n<p>Verbrauchern steht f\u00fcr die angebotenen Leistungen ein gesetzliches M\u00e4ngelhaftungsrecht nach den einschl\u00e4gigen Vorschriften des B\u00fcrgerlichen Gesetzbuch (BGB) zu. Sofern hiervon abgewichen wird, richtet sich die Gew\u00e4hrleistung nach den hierzu verfassten Regelungen in den Allgemeinen Gesch\u00e4ftsbedingungen (AGB).<\/p>\n<h2>Kundendienst<\/h2>\n<p>Sie erreichen unseren Kundendienst zu folgenden Zeiten unter: Doser IT \/ Erics Schatzkiste, Eric Doser, Heidelberger Str. 43 68766 Hockenheim 06205 2590810 hilfe@doser-it.de<\/p>\n<p>\u00d6ffnungszeiten des Ladengesch\u00e4fts: Mo-Fr 10-12 Uhr, 15-18 Uhr, Sa 11-15 Uhr.<\/p>\n<p>\u00a0<\/p>\n<h2>Haftungsausschluss<\/h2>\n<ul>\n<li style=\"list-style-type: none;\">\n<ul style=\"text-align: left;\">Schadensersatzanspr\u00fcche des Kunden sind ausgeschlossen, soweit sich aus den nachfolgenden Gr\u00fcnden nicht etwas anderes ergibt. Dies gilt auch f\u00fcr den Vertreter und Erf\u00fcllungsgehilfen des Anbieters, falls der Kunde gegen diese Anspr\u00fcche auf Schadensersatz erhebt. Ausgenommen sind Schadensersatzanspr\u00fcche des Kunden wegen Verletzung des Lebens, des K\u00f6rpers, der Gesundheit oder wesentlicher Vertragspflichten, welche zur Erreichung des Vertragszieles notwendigerweise erf\u00fcllt werden m\u00fcssen. Ebenso gilt dies nicht f\u00fcr Schadensersatzanspr\u00fcche nach grob fahrl\u00e4ssiger oder vors\u00e4tzlicher Pflichtverletzung des Anbieters oder seines gesetzlichen Vertreters oder Erf\u00fcllungsgehilfen.<\/ul>\n<\/li>\n<\/ul>\n<h2>Abtretungs- und Verpf\u00e4ndungsverbot<\/h2>\n<ul>\n<li style=\"list-style-type: none;\">\n<ul>Anspr\u00fcche oder Rechte des Kunden gegen den Anbieter d\u00fcrfen ohne dessen Zustimmung nicht abgetreten oder verpf\u00e4ndet werden, es sei denn der Kunde hat ein berechtigtes Interesse an der Abtretung oder Verpf\u00e4ndung nachgewiesen.<\/ul>\n<\/li>\n<\/ul>\n<h2>Sprache, Gerichtsstand und anzuwendendes Recht<\/h2>\n<ul>\n<li style=\"list-style-type: none;\">\n<ul>Der Vertrag wird in Deutsch abgefasst. Die weitere Durchf\u00fchrung der Vertragsbeziehung erfolgt in Deutsch. Es findet ausschlie\u00dflich das Recht der Bundesrepublik Deutschland Anwendung. F\u00fcr Verbraucher gilt dies nur insoweit, als dadurch keine gesetzlichen Bestimmungen des Staates eingeschr\u00e4nkt werden, in dem der Kunde seinen Wohnsitz oder gew\u00f6hnlichen Aufenthalt hat. Gerichtsstand ist bei Streitigkeiten mit Kunden, die kein Verbraucher, juristische Person des \u00f6ffentlichen Rechts oder \u00f6ffentlich-rechtliches Sonderverm\u00f6gen sind, Sitz des Anbieters.<\/ul>\n<\/li>\n<\/ul>\n<h2>Datenschutz<\/h2>\n<ul>\n<li style=\"list-style-type: none;\">\n<ul>Im Zusammenhang mit der Anbahnung, Abschluss, Abwicklung und R\u00fcckabwicklung eines Kaufvertrages auf Grundlage dieser AGB werden vom Anbieter Daten erhoben, gespeichert und verarbeitet. Dies geschieht im Rahmen der gesetzlichen Bestimmungen. Der Anbieter gibt keine personenbezogenen Daten des Kunden an Dritte weiter, es sei denn, dass er hierzu gesetzlich verpflichtet w\u00e4re oder der Kunde vorher ausdr\u00fccklich eingewilligt hat. Wird ein Dritter f\u00fcr Dienstleistungen im Zusammenhang mit der Abwicklung von Verarbeitungsprozessen eingesetzt, so werden die Bestimmungen des Bundesdatenschutzgesetzes eingehalten. Die vom Kunden im Wege der Bestellung mitgeteilten Daten werden ausschlie\u00dflich zur Kontaktaufnahme innerhalb des Rahmens der Vertragsabwicklung und nur zu dem Zweck verarbeitet, zu dem der Kunde die Daten zur Verf\u00fcgung gestellt hat. Die Daten werden nur soweit notwendig an das Versandunternehmen, das die Lieferung der Ware auftragsgem\u00e4\u00df \u00fcbernimmt, weitergegeben. Die Zahlungsdaten werden an das mit der Zahlung beauftragte Kreditinstitut weitergegeben. Soweit den Anbieter Aufbewahrungsfristen handels- oder steuerrechtlicher Natur treffen, kann die Speicherung einiger Daten bis zu zehn Jahre dauern. W\u00e4hrend des Besuchs im Internet-Shop des Anbieters werden anonymisierte Daten, die keine R\u00fcckschl\u00fcssen auf personenbezogene Daten zulassen und auch nicht beabsichtigen, insbesondere IP-Adresse, Datum, Uhrzeit, Browsertyp, Betriebssystem und besuchte Seiten, protokolliert. Auf Wunsch des Kunden werden im Rahmen der gesetzlichen Bestimmungen die personenbezogenen Daten gel\u00f6scht, korrigiert oder gesperrt. Eine unentgeltliche Auskunft \u00fcber alle personenbezogenen Daten des Kunden ist m\u00f6glich. F\u00fcr Fragen und Antr\u00e4ge auf L\u00f6schung, Korrektur oder Sperrung personenbezogener Daten sowie Erhebung, Verarbeitung und Nutzung kann sich der Kunde an folgende Adresse wenden: Doser IT, Eric Doser, Jahnstr. 79 68766 Hockenheim 06205 2590810 hilfe@doser-it.de.<\/ul>\n<\/li>\n<\/ul>\n<h2>Salvatorische Klausel<\/h2>\n<ul>Die Unwirksamkeit einer Bestimmung dieser AGB hat keine Auswirkungen auf die Wirksamkeit der sonstigen Bestimmungen.<\/ul>\n<p><a href=\"http:\/\/www.deutsche-anwaltshotline.de\/recht-auf-ihrer-website\/agb-generator\" rel=\"nofollow\"> AGB erstellt<\/a> \u00fcber den Generator der Deutschen Anwaltshotline AG<\/p>\n","protected":false},"excerpt":{"rendered":"<p>Allgemeine Gesch\u00e4ftsbedingungen Vertragspartner Doser ITVertreten durch Eric DoserAdresse: Heidelberger Str. 43 68766 HockenheimTel: 06205 2590810Tel: 06205 280896Fax: 06205 2890429E-Mail-Adresse: hilfe@doser-it.de Umsatzsteuer-Identifikationsnummer: 43314\/10850 Preise Alle Preise sind Endpreise und enthalten gem.&hellip; <br \/> <a class=\"read-more\" href=\"https:\/\/doser-it.de\/index.php\/agb\/\">Weiterlesen<\/a><\/p>\n","protected":false},"author":1,"featured_media":0,"parent":0,"menu_order":0,"comment_status":"closed","ping_status":"closed","template":"","meta":{"_monsterinsights_skip_tracking":false,"_monsterinsights_sitenote_active":false,"_monsterinsights_sitenote_note":"","_monsterinsights_sitenote_category":0,"footnotes":""},"class_list":["post-30","page","type-page","status-publish","hentry"],"_links":{"self":[{"href":"https:\/\/doser-it.de\/index.php\/wp-json\/wp\/v2\/pages\/30","targetHints":{"allow":["GET"]}}],"collection":[{"href":"https:\/\/doser-it.de\/index.php\/wp-json\/wp\/v2\/pages"}],"about":[{"href":"https:\/\/doser-it.de\/index.php\/wp-json\/wp\/v2\/types\/page"}],"author":[{"embeddable":true,"href":"https:\/\/doser-it.de\/index.php\/wp-json\/wp\/v2\/users\/1"}],"replies":[{"embeddable":true,"href":"https:\/\/doser-it.de\/index.php\/wp-json\/wp\/v2\/comments?post=30"}],"version-history":[{"count":2,"href":"https:\/\/doser-it.de\/index.php\/wp-json\/wp\/v2\/pages\/30\/revisions"}],"predecessor-version":[{"id":169,"href":"https:\/\/doser-it.de\/index.php\/wp-json\/wp\/v2\/pages\/30\/revisions\/169"}],"wp:attachment":[{"href":"https:\/\/doser-it.de\/index.php\/wp-json\/wp\/v2\/media?parent=30"}],"curies":[{"name":"wp","href":"https:\/\/api.w.org\/{rel}","templated":true}]}}